{"id":971,"date":"2016-08-29T18:38:29","date_gmt":"2016-08-29T18:38:29","guid":{"rendered":"http:\/\/www.nogravity.ca\/nogravity_wp\/?page_id=971"},"modified":"2023-04-20T16:31:11","modified_gmt":"2023-04-20T16:31:11","slug":"mini-contemporain","status":"publish","type":"page","link":"https:\/\/www.nogravity.ca\/nogravity_wp\/mini-contemporain\/","title":{"rendered":"Mini-Ballet"},"content":{"rendered":"<p>Le\u00a0<em>Mini-Ballet\u00a0<\/em>est un cours de 45 minutes; une initiation au\u00a0<i>Ballet\u00a0<\/i>qui a \u00e9t\u00e9 con\u00e7u sp\u00e9cialement pour les petites filles (mais ouvert \u00e0 tous). Les \u00e9l\u00e8ves d\u00e9velopperont leur coordination, leur souplesse et leur sens du rythme en travaillant les mouvements de base de ce style.<\/p>\n<p>De plus, elles\u00a0feront l\u2019apprentissage d\u2019une chor\u00e9graphie qu\u2019elles pr\u00e9senteront au spectacle de fin d\u2019ann\u00e9e.<\/p>\n<p class=\"ligne_clear\">Inscriptions en tout temps par t\u00e9l\u00e9phone\u00a0 450.377.5132<\/p>\n<p><iframe loading=\"lazy\" src=\"https:\/\/www.youtube.com\/embed\/XWD6lLQTWtg\" width=\"560\" height=\"315\" frameborder=\"0\" allowfullscreen=\"allowfullscreen\"><\/iframe><\/p>\n<p><\/p>","protected":false},"excerpt":{"rendered":"<p>Le\u00a0Mini-Ballet\u00a0est un cours de 45 minutes; une initiation au\u00a0Ballet\u00a0qui a \u00e9t\u00e9 con\u00e7u sp\u00e9cialement pour les petites filles (mais ouvert \u00e0 tous). Les \u00e9l\u00e8ves d\u00e9velopperont leur coordination, leur souplesse et leur sens du rythme en travaillant les mouvements de base de ce style. De plus, elles\u00a0feront l\u2019apprentissage d\u2019une chor\u00e9graphie qu\u2019elles pr\u00e9senteront au spectacle de fin d\u2019ann\u00e9e. &hellip; <a href=\"https:\/\/www.nogravity.ca\/nogravity_wp\/mini-contemporain\/\" class=\"more-link\">Continuer la lecture de <span class=\"screen-reader-text\">Mini-Ballet<\/span> <span class=\"meta-nav\">&rarr;<\/span><\/a><\/p>\n","protected":false},"author":1,"featured_media":972,"parent":0,"menu_order":0,"comment_status":"closed","ping_status":"closed","template":"page-templates\/common_page.php","meta":{"_acf_changed":false,"footnotes":""},"class_list":["post-971","page","type-page","status-publish","has-post-thumbnail","hentry"],"acf":[],"aioseo_notices":[],"_links":{"self":[{"href":"https:\/\/www.nogravity.ca\/nogravity_wp\/wp-json\/wp\/v2\/pages\/971","targetHints":{"allow":["GET"]}}],"collection":[{"href":"https:\/\/www.nogravity.ca\/nogravity_wp\/wp-json\/wp\/v2\/pages"}],"about":[{"href":"https:\/\/www.nogravity.ca\/nogravity_wp\/wp-json\/wp\/v2\/types\/page"}],"author":[{"embeddable":true,"href":"https:\/\/www.nogravity.ca\/nogravity_wp\/wp-json\/wp\/v2\/users\/1"}],"replies":[{"embeddable":true,"href":"https:\/\/www.nogravity.ca\/nogravity_wp\/wp-json\/wp\/v2\/comments?post=971"}],"version-history":[{"count":10,"href":"https:\/\/www.nogravity.ca\/nogravity_wp\/wp-json\/wp\/v2\/pages\/971\/revisions"}],"predecessor-version":[{"id":1712,"href":"https:\/\/www.nogravity.ca\/nogravity_wp\/wp-json\/wp\/v2\/pages\/971\/revisions\/1712"}],"wp:featuredmedia":[{"embeddable":true,"href":"https:\/\/www.nogravity.ca\/nogravity_wp\/wp-json\/wp\/v2\/media\/972"}],"wp:attachment":[{"href":"https:\/\/www.nogravity.ca\/nogravity_wp\/wp-json\/wp\/v2\/media?parent=971"}],"curies":[{"name":"wp","href":"https:\/\/api.w.org\/{rel}","templated":true}]}}