{"id":228,"date":"2016-02-01T06:55:14","date_gmt":"2016-02-01T06:55:14","guid":{"rendered":"http:\/\/www.nogravity.ca\/nogravity_wp\/?page_id=228"},"modified":"2018-11-20T18:47:23","modified_gmt":"2018-11-20T18:47:23","slug":"hip-hop","status":"publish","type":"page","link":"https:\/\/www.nogravity.ca\/nogravity_wp\/hip-hop\/","title":{"rendered":"Hip Hop"},"content":{"rendered":"<p class=\"dance_p\">Nos cours de danse hip hop s&rsquo;inspirent des musiques Old school, R&amp;b, Pop et m\u00eame House, afin de rendre les cours diversifi\u00e9s et amusants! Les diff\u00e9rents \u00e9l\u00e9ments de la danse hip hop, comme le popping, le locking, le breakdance et la danse improvis\u00e9e donnent aux \u00e9l\u00e8ves la chance de d\u00e9velopper leur propre style. Chaque cours consiste d&rsquo;un r\u00e9chauffement, d&rsquo;un enchainement du jour (diagonale), d&rsquo;une partie chor\u00e9graphique et dune partie de danse improvis\u00e9e. Des enchainements de mouvements sont cr\u00e9es \u00e0 chaque semaine, permettant ainsi aux \u00e9l\u00e8ves de b\u00e2tir peu \u00e0 peu leur chor\u00e9graphie finale.<\/p>\n<p class=\"dance_p\">De nos jours, le hip hop est un des styles de danse les plus versatiles et populaires qui soit. Si vous avez aim\u00e9 l&rsquo;\u00e9mission Danse ou Cr\u00e8ve ainsi que les films Dansez dans les Rues, ce cours est pour vous!<\/p>\n<p class=\"ligne_clear\">Inscriptions en tout temps par t\u00e9l\u00e9phone\u00a0 450.377.5132<\/p>\n<p><iframe loading=\"lazy\" width=\"560\" height=\"315\" src=\"https:\/\/www.youtube.com\/embed\/qCCgdv_U5ds\" frameborder=\"0\" allow=\"accelerometer; autoplay; encrypted-media; gyroscope; picture-in-picture\" allowfullscreen><\/iframe><\/p>\n<p><\/p>","protected":false},"excerpt":{"rendered":"<p>Nos cours de danse hip hop s&rsquo;inspirent des musiques Old school, R&amp;b, Pop et m\u00eame House, afin de rendre les cours diversifi\u00e9s et amusants! Les diff\u00e9rents \u00e9l\u00e9ments de la danse hip hop, comme le popping, le locking, le breakdance et la danse improvis\u00e9e donnent aux \u00e9l\u00e8ves la chance de d\u00e9velopper leur propre style. Chaque cours &hellip; <a href=\"https:\/\/www.nogravity.ca\/nogravity_wp\/hip-hop\/\" class=\"more-link\">Continuer la lecture de <span class=\"screen-reader-text\">Hip Hop<\/span> <span class=\"meta-nav\">&rarr;<\/span><\/a><\/p>\n","protected":false},"author":1,"featured_media":706,"parent":0,"menu_order":0,"comment_status":"closed","ping_status":"closed","template":"page-templates\/common_page.php","meta":{"_acf_changed":false,"footnotes":""},"class_list":["post-228","page","type-page","status-publish","has-post-thumbnail","hentry"],"acf":[],"aioseo_notices":[],"_links":{"self":[{"href":"https:\/\/www.nogravity.ca\/nogravity_wp\/wp-json\/wp\/v2\/pages\/228","targetHints":{"allow":["GET"]}}],"collection":[{"href":"https:\/\/www.nogravity.ca\/nogravity_wp\/wp-json\/wp\/v2\/pages"}],"about":[{"href":"https:\/\/www.nogravity.ca\/nogravity_wp\/wp-json\/wp\/v2\/types\/page"}],"author":[{"embeddable":true,"href":"https:\/\/www.nogravity.ca\/nogravity_wp\/wp-json\/wp\/v2\/users\/1"}],"replies":[{"embeddable":true,"href":"https:\/\/www.nogravity.ca\/nogravity_wp\/wp-json\/wp\/v2\/comments?post=228"}],"version-history":[{"count":11,"href":"https:\/\/www.nogravity.ca\/nogravity_wp\/wp-json\/wp\/v2\/pages\/228\/revisions"}],"predecessor-version":[{"id":1812,"href":"https:\/\/www.nogravity.ca\/nogravity_wp\/wp-json\/wp\/v2\/pages\/228\/revisions\/1812"}],"wp:featuredmedia":[{"embeddable":true,"href":"https:\/\/www.nogravity.ca\/nogravity_wp\/wp-json\/wp\/v2\/media\/706"}],"wp:attachment":[{"href":"https:\/\/www.nogravity.ca\/nogravity_wp\/wp-json\/wp\/v2\/media?parent=228"}],"curies":[{"name":"wp","href":"https:\/\/api.w.org\/{rel}","templated":true}]}}