{"id":220,"date":"2016-01-29T11:57:29","date_gmt":"2016-01-29T11:57:29","guid":{"rendered":"http:\/\/www.nogravity.ca\/nogravity_wp\/?page_id=220"},"modified":"2021-12-07T18:46:07","modified_gmt":"2021-12-07T18:46:07","slug":"choregraphies-personnalisees-pour-mariages","status":"publish","type":"page","link":"https:\/\/www.nogravity.ca\/nogravity_wp\/choregraphies-personnalisees-pour-mariages\/","title":{"rendered":"Chor\u00e9graphies pour mariages"},"content":{"rendered":"<p class=\"dance_p\">No Gravity vous offre un service de chor\u00e9graphe pour cr\u00e9er votre premi\u00e8re danse de mariage. Vous choisissez la musique et le style de danse que vous d\u00e9sirez et nous vous apprendrons une chor\u00e9graphie unique pour votre grand jour! Que ce soit seulement pour vous et votre amoureux\/se ou pour le cort\u00e8ge en entier, vous surprendrez certainement vos invit\u00e9s avec nos chor\u00e9graphies simple \u00e0 apprendre, mais d&rsquo;autant divertissantes.<\/p>\n<p>Le ou les cours peuvent se d\u00e9rouler dans la salle qui sera pr\u00e9vue pour l\u2019\u00e9v\u00e9nement, ou dans l&rsquo;une de nos salles de danse, et plusieurs \u00e9tapes de pr\u00e9parations peuvent \u00eatre envisag\u00e9es :<\/p>\n<ul class=\"propos_ul\">\n<li><i class=\"fa fa-caret-right\"><\/i>Premier RDV pour d\u00e9finir vos envies<\/li>\n<li><i class=\"fa fa-caret-right\"><\/i>Choix des musiques et d\u00e9finition du montage audio<\/li>\n<li><i class=\"fa fa-caret-right\"><\/i>Cr\u00e9ation et pr\u00e9sentation de la chor\u00e9graphie<\/li>\n<li><i class=\"fa fa-caret-right\"><\/i>Mise en sc\u00e8ne<\/li>\n<li><i class=\"fa fa-caret-right\"><\/i>Pratique et perfectionnement<\/li>\n<\/ul>\n<p class=\"dance_p\">Vos id\u00e9es sont les bienvenues, n\u2019h\u00e9sitez pas \u00e0 nous les exprimer. Il est conseill\u00e9 de pr\u00e9voir 1 mois avant la date de l&rsquo;\u00e9v\u00e8nement, pour vous permettre de r\u00e9p\u00e9ter convenablement et de bien conna\u00eetre votre chor\u00e9graphie.<br \/>\nTout sera mis en \u0153uvre pour que votre danse soit parfaite le jour J !<\/p>\n<h4>Forfait BRONZE = 333$<\/h4>\n<ul class=\"propos_ul\">\n<li><i class=\"fa fa-caret-right\"><\/i>1\u00e8re rencontre avec le chor\u00e9graphe<\/li>\n<li><i class=\"fa fa-caret-right\"><\/i> Montage d&rsquo;une chor\u00e9graphie d&rsquo;une minute (sans compter la partie &lsquo;slow&rsquo;)<\/li>\n<li><i class=\"fa fa-caret-right\"><\/i>Cr\u00e9ation et pr\u00e9sentation de la chor\u00e9graphie<\/li>\n<li><i class=\"fa fa-caret-right\"><\/i>2 cours priv\u00e9s afin d&rsquo;apprendre la chor\u00e9graphie<\/li>\n<\/ul>\n<h4>Forfait ARGENT= 444$<\/h4>\n<ul class=\"propos_ul\">\n<li><i class=\"fa fa-caret-right\"><\/i>1\u00e8re rencontre avec le chor\u00e9graphe<\/li>\n<li><i class=\"fa fa-caret-right\"><\/i>Montage d&rsquo;une chor\u00e9graphie de 2 minutes (sans compter la chanson lente)<\/li>\n<li><i class=\"fa fa-caret-right\"><\/i>3 cours priv\u00e9s afin d&rsquo;apprendre la chor\u00e9graphie<\/li>\n<li><i class=\"fa fa-caret-right\"><\/i>Montage audio inclus<\/li>\n<li><i class=\"fa fa-caret-right\"><\/i> Video du professeur afin de pouvoir pratiquer \u00e0 la maison<br \/>\n<h4>Forfait OR = 777$<\/h4>\n<ul class=\"propos_ul\">\n<li><i class=\"fa fa-caret-right\"><\/i>1\u00e8re rencontre avec le chor\u00e9graphe<\/li>\n<li><i class=\"fa fa-caret-right\"><\/i>Montage d&rsquo;une chor\u00e9graphie de 3 minutes<\/li>\n<li>Chanson lente chor\u00e9graphi\u00e9e aussi pour vous si d\u00e9sir\u00e9<\/li>\n<li><i class=\"fa fa-caret-right\"><\/i>4 cours priv\u00e9s afin d&rsquo;apprendre la chor\u00e9graphie<\/li>\n<li>1 cours de perfectionnement la semaine pr\u00e9c\u00e9dent le mariage<\/li>\n<li><i class=\"fa fa-caret-right\"><\/i>Montage audio inclus<\/li>\n<li><i class=\"fa fa-caret-right\"><\/i>\u00a0Video du professeur afin de pouvoir pratiquer \u00e0 la maison<\/li>\n<li>Vid\u00e9o-Souvenir: Captation et montage vid\u00e9o de votre chor\u00e9graphie lors du grand jour! Inclus notre d\u00e9placement dans la grand r\u00e9gion de Montr\u00e9al\/Rive Nord\/Rive Sud\n<div>\n<p>&nbsp;<\/p>\n<p><span data-reactid=\".1ha.$mid=11423630815877=2583dca09ae94797772.2:0.0.0.0.0.0.$end:0:$30:0\"><span data-reactid=\".1ha.$mid=11423630815877=2583dca09ae94797772.2:0.0.0.0.0.0.$end:0:$30:0\">*** Comment obtenir 50$ de rabais sur n&rsquo;importe lequel de nos forfaits:<br \/>\n1- En acceptant de remettre notre carte d&rsquo;affaires \u00e0 vos invit\u00e9s<br \/>\n2- En \u00e9crivant une courte recommandation suite \u00e0 votre exp\u00e9rience avec nous (\u00a0\u00bbtestimonial\u00a0\u00bb) ***<\/span><\/span><\/p>\n<p>* R\u00e9servez votre professeur d\u00e8s aujourd&rsquo;hui!<br \/>\n450-377-5132<\/p>\n<\/div>\n<\/li>\n<\/ul>\n<\/li>\n<\/ul>\n<p><iframe loading=\"lazy\" src=\"https:\/\/www.youtube.com\/embed\/-awRT1qVBMs\" width=\"560\" height=\"315\" frameborder=\"0\" allowfullscreen=\"allowfullscreen\"><\/iframe><\/p>\n<p>\u00ab\u00a0Lorsque mon amoureux a eu l&rsquo;id\u00e9e de transformer notre premi\u00e8re danse en chor\u00e9graphie, ma r\u00e9ponse \u00e9tait claire; je ne sais pas danser&#8230; Pas question!<\/p>\n<p>Avec les semaines, l&rsquo;id\u00e9e a fait son chemin et nous avons contact\u00e9 No Gravity.<br \/>\nCinq semaines avant notre grand jour, nous avons d\u00e9but\u00e9 nos courts avec M\u00e9lo.<br \/>\nCes cinq courts ont \u00e9t\u00e9 rempli de faux pas, de pratique et de beaucoup de plaisir.<br \/>\nLa journ\u00e9e du 29 septembre est une des plus belles de notre vie. Une journ\u00e9e qui passe beaucoup trop vite pour autant de pr\u00e9paration.<br \/>\nSix mois plus tard on ch\u00e9ri nos souvenirs. Notre chor\u00e9graphie est probablement un de mes pr\u00e9f\u00e9r\u00e9s &#x1f49a;<br \/>\nDurant ces 3-4 minutes c&rsquo;est comme si tout c&rsquo;\u00e9tait arr\u00eat\u00e9. Il n&rsquo;y avait que mon mari, moi et notre musique. C&rsquo;\u00e9tait magique et rempli d&rsquo;\u00e9motion.<br \/>\nM\u00e9lo \u00e0 su cr\u00e9er tellement plus qu&rsquo;une simple chor\u00e9graphie. Elle a cr\u00e9er LA danse qu&rsquo;on se souviendra lorsqu&rsquo;on sera vieux et tout rid\u00e9s. Xxx<\/p>\n<p>Merci mille fois!!\u00a0\u00bb<br \/>\n&#8211; Marie-Lou Couture Lewis, Salaberry-de-Valleyfield<\/p>\n<p><iframe loading=\"lazy\" src=\"https:\/\/www.youtube.com\/embed\/fVimyjlfuz8\" width=\"300\" height=\"150\" frameborder=\"0\" allowfullscreen=\"allowfullscreen\"><\/iframe><\/p>\n<p><\/p>","protected":false},"excerpt":{"rendered":"<p>No Gravity vous offre un service de chor\u00e9graphe pour cr\u00e9er votre premi\u00e8re danse de mariage. Vous choisissez la musique et le style de danse que vous d\u00e9sirez et nous vous apprendrons une chor\u00e9graphie unique pour votre grand jour! Que ce soit seulement pour vous et votre amoureux\/se ou pour le cort\u00e8ge en entier, vous surprendrez &hellip; <a href=\"https:\/\/www.nogravity.ca\/nogravity_wp\/choregraphies-personnalisees-pour-mariages\/\" class=\"more-link\">Continuer la lecture de <span class=\"screen-reader-text\">Chor\u00e9graphies pour mariages<\/span> <span class=\"meta-nav\">&rarr;<\/span><\/a><\/p>\n","protected":false},"author":1,"featured_media":685,"parent":0,"menu_order":0,"comment_status":"closed","ping_status":"closed","template":"page-templates\/common_page.php","meta":{"_acf_changed":false,"footnotes":""},"class_list":["post-220","page","type-page","status-publish","has-post-thumbnail","hentry"],"acf":[],"aioseo_notices":[],"_links":{"self":[{"href":"https:\/\/www.nogravity.ca\/nogravity_wp\/wp-json\/wp\/v2\/pages\/220","targetHints":{"allow":["GET"]}}],"collection":[{"href":"https:\/\/www.nogravity.ca\/nogravity_wp\/wp-json\/wp\/v2\/pages"}],"about":[{"href":"https:\/\/www.nogravity.ca\/nogravity_wp\/wp-json\/wp\/v2\/types\/page"}],"author":[{"embeddable":true,"href":"https:\/\/www.nogravity.ca\/nogravity_wp\/wp-json\/wp\/v2\/users\/1"}],"replies":[{"embeddable":true,"href":"https:\/\/www.nogravity.ca\/nogravity_wp\/wp-json\/wp\/v2\/comments?post=220"}],"version-history":[{"count":18,"href":"https:\/\/www.nogravity.ca\/nogravity_wp\/wp-json\/wp\/v2\/pages\/220\/revisions"}],"predecessor-version":[{"id":1688,"href":"https:\/\/www.nogravity.ca\/nogravity_wp\/wp-json\/wp\/v2\/pages\/220\/revisions\/1688"}],"wp:featuredmedia":[{"embeddable":true,"href":"https:\/\/www.nogravity.ca\/nogravity_wp\/wp-json\/wp\/v2\/media\/685"}],"wp:attachment":[{"href":"https:\/\/www.nogravity.ca\/nogravity_wp\/wp-json\/wp\/v2\/media?parent=220"}],"curies":[{"name":"wp","href":"https:\/\/api.w.org\/{rel}","templated":true}]}}