{"id":210,"date":"2016-01-29T11:25:29","date_gmt":"2016-01-29T11:25:29","guid":{"rendered":"http:\/\/www.nogravity.ca\/nogravity_wp\/?page_id=210"},"modified":"2025-01-08T21:56:06","modified_gmt":"2025-01-08T21:56:06","slug":"danseurs-professionnels-pour-vos-evenements","status":"publish","type":"page","link":"https:\/\/www.nogravity.ca\/nogravity_wp\/danseurs-professionnels-pour-vos-evenements\/","title":{"rendered":"Danseurs professionnels"},"content":{"rendered":"<p class=\"dance_p\">(Nos danseurs qui\u00a0eurent le privil\u00e8ge de partager la sc\u00e8ne avec Dubmatique lors de leur dernier passage aux Francofolies de Montr\u00e9al)<\/p>\n<p><strong>Performance de danseurs lors de votre \u00e9v\u00e8nement inclus:<\/strong><\/p>\n<ul class=\"propos_ul\">\n<li><i class=\"fa fa-caret-right\"><\/i>Pratiques et pr\u00e9paration des danseurs<\/li>\n<li><i class=\"fa fa-caret-right\"><\/i> D\u00e9placement des danseurs<\/li>\n<li><i class=\"fa fa-caret-right\"><\/i>Pr\u00e9sentation d&rsquo;un num\u00e9ro d&rsquo;une dur\u00e9e d&rsquo;environs 5 minutes (contactez-nous pour des performances de plus longues dur\u00e9es)<\/li>\n<\/ul>\n<p class=\"dance_p\">* D\u00e9pot de 50% requis lors de la r\u00e9servation, balance d\u00fbe lors de l&rsquo;\u00e9v\u00e8nement.<\/p>\n<h4>Le\u00e7on de danse lors de votre \u00e9v\u00e8nement<\/h4>\n<p class=\"dance_p\">Surprenez vos invit\u00e9s avec une le\u00e7on de danse \u00e9clair ou une performance surprise d&rsquo;une de nos troupes de danse hip hop! Service est tr\u00e8s populaire pour les mariages, enterrements de vie de gar\u00e7ons\/filles, festivals, \u00e9v\u00e8nements corporatifs et r\u00e9ceptions de tout genres.<\/p>\n<p class=\"dance_p\">Inclus:<\/p>\n<ul class=\"propos_ul\">\n<li><i class=\"fa fa-caret-right\"><\/i>Cours de danse du style de votre choix, d&rsquo;une dur\u00e9e d&rsquo;une heure<\/li>\n<li><i class=\"fa fa-caret-right\"><\/i>D\u00e9placement du professeur dans la r\u00e9gion de Vaudreuil-Soulanges ou du Suro\u00eet<\/li>\n<\/ul>\n<p class=\"dance_p\">* D\u00e9pot de 50% requis lors de la r\u00e9servation, balance d\u00fbe lors de l&rsquo;\u00e9v\u00e8nement.<\/p>\n<h5 class=\"dance_p\"><span style=\"color: #ffffff;\">R\u00e9servez d\u00e8s aujourd&rsquo;hui au 450.377.5132 et mettez-en plein la vue \u00e0 vos invit\u00e9s!<\/span><\/h5>\n<p><\/p>","protected":false},"excerpt":{"rendered":"<p>(Nos danseurs qui\u00a0eurent le privil\u00e8ge de partager la sc\u00e8ne avec Dubmatique lors de leur dernier passage aux Francofolies de Montr\u00e9al) Performance de danseurs lors de votre \u00e9v\u00e8nement inclus: Pratiques et pr\u00e9paration des danseurs D\u00e9placement des danseurs Pr\u00e9sentation d&rsquo;un num\u00e9ro d&rsquo;une dur\u00e9e d&rsquo;environs 5 minutes (contactez-nous pour des performances de plus longues dur\u00e9es) * D\u00e9pot de &hellip; <a href=\"https:\/\/www.nogravity.ca\/nogravity_wp\/danseurs-professionnels-pour-vos-evenements\/\" class=\"more-link\">Continuer la lecture de <span class=\"screen-reader-text\">Danseurs professionnels<\/span> <span class=\"meta-nav\">&rarr;<\/span><\/a><\/p>\n","protected":false},"author":1,"featured_media":1148,"parent":0,"menu_order":0,"comment_status":"closed","ping_status":"closed","template":"page-templates\/common_page.php","meta":{"_acf_changed":false,"footnotes":""},"class_list":["post-210","page","type-page","status-publish","has-post-thumbnail","hentry"],"acf":[],"aioseo_notices":[],"_links":{"self":[{"href":"https:\/\/www.nogravity.ca\/nogravity_wp\/wp-json\/wp\/v2\/pages\/210","targetHints":{"allow":["GET"]}}],"collection":[{"href":"https:\/\/www.nogravity.ca\/nogravity_wp\/wp-json\/wp\/v2\/pages"}],"about":[{"href":"https:\/\/www.nogravity.ca\/nogravity_wp\/wp-json\/wp\/v2\/types\/page"}],"author":[{"embeddable":true,"href":"https:\/\/www.nogravity.ca\/nogravity_wp\/wp-json\/wp\/v2\/users\/1"}],"replies":[{"embeddable":true,"href":"https:\/\/www.nogravity.ca\/nogravity_wp\/wp-json\/wp\/v2\/comments?post=210"}],"version-history":[{"count":18,"href":"https:\/\/www.nogravity.ca\/nogravity_wp\/wp-json\/wp\/v2\/pages\/210\/revisions"}],"predecessor-version":[{"id":1809,"href":"https:\/\/www.nogravity.ca\/nogravity_wp\/wp-json\/wp\/v2\/pages\/210\/revisions\/1809"}],"wp:featuredmedia":[{"embeddable":true,"href":"https:\/\/www.nogravity.ca\/nogravity_wp\/wp-json\/wp\/v2\/media\/1148"}],"wp:attachment":[{"href":"https:\/\/www.nogravity.ca\/nogravity_wp\/wp-json\/wp\/v2\/media?parent=210"}],"curies":[{"name":"wp","href":"https:\/\/api.w.org\/{rel}","templated":true}]}}