{"id":1817,"date":"2025-04-24T20:34:47","date_gmt":"2025-04-24T20:34:47","guid":{"rendered":"https:\/\/www.nogravity.ca\/nogravity_wp\/?page_id=1817"},"modified":"2025-04-24T22:22:30","modified_gmt":"2025-04-24T22:22:30","slug":"cardio-ballet","status":"publish","type":"page","link":"https:\/\/www.nogravity.ca\/nogravity_wp\/cardio-ballet\/","title":{"rendered":"Cardio Ballet (Adultes)"},"content":{"rendered":"\n<p>Bougez avec gr\u00e2ce et puissance<\/p>\n\n\n\n<p>Laissez-vous emporter par l\u2019\u00e9l\u00e9gance du ballet et l\u2019\u00e9nergie du cardio dans un cours vibrant qui allie finesse, force et plaisir du mouvement. Chaque s\u00e9ance est une invitation \u00e0 sculpter votre corps tout en r\u00e9veillant votre feu int\u00e9rieur. Au rythme d\u2019une musique envo\u00fbtante, vous d\u00e9velopperez souplesse, posture et endurance dans un espace o\u00f9 la beaut\u00e9 du geste rencontre l\u2019intensit\u00e9 de l\u2019effort.<br>Aucune exp\u00e9rience en danse n\u2019est requise \u2014 seulement l\u2019envie de bouger, de respirer et de rayonner.<\/p>\n\n\n\n<p>Venez vibrer, tonifier et danser\u2026 avec gr\u00e2ce et puissance.<\/p>\n\n\n\n<figure class=\"wp-block-image size-large\"><img loading=\"lazy\" decoding=\"async\" width=\"1024\" height=\"683\" src=\"https:\/\/www.nogravity.ca\/nogravity_wp\/wp-content\/uploads\/2025\/04\/Cardio_ballet-1024x683.jpeg\" alt=\"\" class=\"wp-image-1818\" srcset=\"https:\/\/www.nogravity.ca\/nogravity_wp\/wp-content\/uploads\/2025\/04\/Cardio_ballet-1024x683.jpeg 1024w, https:\/\/www.nogravity.ca\/nogravity_wp\/wp-content\/uploads\/2025\/04\/Cardio_ballet-300x200.jpeg 300w, https:\/\/www.nogravity.ca\/nogravity_wp\/wp-content\/uploads\/2025\/04\/Cardio_ballet.jpeg 1079w\" sizes=\"auto, (max-width: 1024px) 100vw, 1024px\" \/><\/figure>\n<p><\/p>","protected":false},"excerpt":{"rendered":"<p>Bougez avec gr\u00e2ce et puissance Laissez-vous emporter par l\u2019\u00e9l\u00e9gance du ballet et l\u2019\u00e9nergie du cardio dans un cours vibrant qui allie finesse, force et plaisir du mouvement. Chaque s\u00e9ance est une invitation \u00e0 sculpter votre corps tout en r\u00e9veillant votre feu int\u00e9rieur. Au rythme d\u2019une musique envo\u00fbtante, vous d\u00e9velopperez souplesse, posture et endurance dans un &hellip; <a href=\"https:\/\/www.nogravity.ca\/nogravity_wp\/cardio-ballet\/\" class=\"more-link\">Continuer la lecture de <span class=\"screen-reader-text\">Cardio Ballet (Adultes)<\/span> <span class=\"meta-nav\">&rarr;<\/span><\/a><\/p>\n","protected":false},"author":56,"featured_media":0,"parent":0,"menu_order":0,"comment_status":"closed","ping_status":"closed","template":"page-templates\/common_page.php","meta":{"_acf_changed":false,"footnotes":""},"class_list":["post-1817","page","type-page","status-publish","hentry"],"acf":[],"aioseo_notices":[],"_links":{"self":[{"href":"https:\/\/www.nogravity.ca\/nogravity_wp\/wp-json\/wp\/v2\/pages\/1817","targetHints":{"allow":["GET"]}}],"collection":[{"href":"https:\/\/www.nogravity.ca\/nogravity_wp\/wp-json\/wp\/v2\/pages"}],"about":[{"href":"https:\/\/www.nogravity.ca\/nogravity_wp\/wp-json\/wp\/v2\/types\/page"}],"author":[{"embeddable":true,"href":"https:\/\/www.nogravity.ca\/nogravity_wp\/wp-json\/wp\/v2\/users\/56"}],"replies":[{"embeddable":true,"href":"https:\/\/www.nogravity.ca\/nogravity_wp\/wp-json\/wp\/v2\/comments?post=1817"}],"version-history":[{"count":2,"href":"https:\/\/www.nogravity.ca\/nogravity_wp\/wp-json\/wp\/v2\/pages\/1817\/revisions"}],"predecessor-version":[{"id":1848,"href":"https:\/\/www.nogravity.ca\/nogravity_wp\/wp-json\/wp\/v2\/pages\/1817\/revisions\/1848"}],"wp:attachment":[{"href":"https:\/\/www.nogravity.ca\/nogravity_wp\/wp-json\/wp\/v2\/media?parent=1817"}],"curies":[{"name":"wp","href":"https:\/\/api.w.org\/{rel}","templated":true}]}}